t of 100?
0
What is the thousands digit of 8216?
8
What is the ten thousands digit of 32738?
3
What is the hundreds digit of 15682?
6
What is the thousands digit of 2563?
2
What is the thousands digit of 32784?
2
What is the units digit of 2210?
0
What is the tens digit of 12148?
4
What is the hundreds digit of 83330?
3
What is the units digit of 42012?
2
What is the hundreds digit of 787?
7
What is the tens digit of 26658?
5
What is the units digit of 921?
1
What is the hundreds digit of 200?
2
What is the hundreds digit of 13467?
4
What is the units digit of 43131?
1
What is the ten thousands digit of 10752?
1
What is the thousands digit of 3784?
3
What is the units digit of 3272?
2
What is the thousands digit of 82214?
2
What is the units digit of 2900?
0
What is the hundred thousands digit of 151518?
1
What is the hundreds digit of 1297?
2
What is the units digit of 1801?
1
What is the hundreds digit of 1075?
0
What is the thousands digit of 9841?
9
What is the thousands digit of 7431?
7
What is the units digit of 9072?
2
What is the units digit of 8559?
9
What is the units digit of 428?
8
What is the ten thousands digit of 61836?
6
What is the units digit of 877?
7
What is the ten thousands digit of 11765?
1
What is the hundreds digit of 4532?
5
What is the units digit of 1903?
3
What is the tens digit of 185?
8
What is the units digit of 33?
3
What is the tens digit of 914?
1
What is the tens digit of 7115?
1
What is the hundreds digit of 5200?
2
What is the hundreds digit of 9304?
3
What is the hundreds digit of 57354?
3
What is the tens digit of 1015?
1
What is the hundreds digit of 1347?
3
What is the thousands digit of 14615?
4
What is the hundreds digit of 63224?
2
What is the ten thousands digit of 128966?
2
What is the hundreds digit of 1868?
8
What is the units digit of 1920?
0
What is the thousands digit of 14219?
4
What is the hundreds digit of 39643?
6
What is the hundreds digit of 450?
4
What is the tens digit of 1133?
3
What is the tens digit of 27647?
4
What is the hundreds digit of 1013?
0
What is the units digit of 23779?
9
What is the units digit of 372?
2
What is the units digit of 52765?
5
What is the units digit of 3575?
5
What is the units digit of 8753?
3
What is the hundreds digit of 644?
6
What is the tens digit of 1008?
0
What is the units digit of 29585?
5
What is the thousands digit of 19306?
9
What is the thousands digit of 16831?
6
What is the hundreds digit of 4597?
5
What is the units digit of 4391?
1
What is the ten thousands digit of 30419?
3
What is the thousands digit of 3553?
3
What is the units digit of 24910?
0
What is the hundreds digit of 446?
4
What is the hundreds digit of 413?
4
What is the ten thousands digit of 53135?
5
What is the tens digit of 28792?
9
What is the units digit of 3226?
6
What is the ten thousands digit of 10385?
1
What is the units digit of 20129?
9
What is the tens digit of 6586?
8
What is the hundreds digit of 1450?
4
What is the units digit of 22135?
5
What is the tens digit of 30457?
5
What is the thousands digit of 82145?
2
What is the tens digit of 4599?
9
What is the thousands digit of 26451?
6
What is the units digit of 119586?
6
What is the tens digit of 128309?
0
What is the tens digit of 137645?
4
What is the hundreds digit of 150846?
8
What is the hundreds digit of 1904?
9
What is the units digit of 28293?
3
What is the tens digit of 7993?
9
What is the hundred thousands digit of 198002?
1
What is the tens digit of 1134?
3
What is the units digit of 109?
9
What is the units digit of 2794?
4
What is the units digit of 63929?
9
What is the hundreds digit of 1874?
8
What is the tens digit of 693?
9
What is the tens digit of 18441?
4
What is the ten thousands digit of 12325?
1
What is the ten thousands digit of 10579?
1
What is the thousands digit of 3928?
3
What is the units digit of 28023?
3
What is the thousands digit of 3652?
3
What is the hundred thousands digit of 178698?
1
What is the hundreds digit of 3705?
7
What is the units digit of 7700?
0
What is the units digit of 16471?
1
What is the hundreds digit of 4098?
0
What is the units digit of 20161?
1
What is the hundred thousands digit of 100153?
1
What is the thousands digit of 5685?
5
What is the thousands digit of 1026?
1
What is the ten thousands digit of 18173?
1
What is the units digit of 61229?
9
What is the units digit of 1628?
8
What is the thousands digit of 3417?
3
What is the tens digit of 2583?
8
What is the thousands digit of 7880?
7
What is the hundreds digit of 23341?
3
What is the hundreds digit of 2640?
6
What is the units digit of 13270?
0
What is the ten thousands digit of 47605?
4
What is the hundreds digit of 13422?
4
What is the units digit of 4804?
4
What is the ten thousands digit of 36530?
3
What is the units digit of 12559?
9
What is the tens digit of 8870?
7
What is the hundreds digit of 28748?
7
What is the tens digit of 44148?
4
What is the thousands digit of 4364?
4
What is the tens digit of 3736?
3
What is the tens digit of 95842?
4
What is the ten thousands digit of 10766?
1
What is the units digit of 5714?
4
What is the tens digit of 60619?
1
What is the thousands digit of 6408?
6
What is the units digit of 658?
8
What is the tens digit of 89285?
8
What is the hundreds digit of 191?
1
What is the thousands digit of 44472?
4
What is the hundreds digit of 8150?
1
What is the thousands digit of 18445?
8
What is the tens digit of 150?
5
What is the units digit of 40236?
6
What is the units digit of 31363?
3
What is the ten thousands digit of 10173?
1
What is the hundreds digit of 1056?
0
What is the tens digit of 1565?
6
What is the hundreds digit of 336?
3
What is the tens digit of 57?
5
What is the hundreds digit of 23004?
0
What is the thousands digit of 27240?
7
What is the thousands digit of 6772?
6
What is the tens digit of 71?
7
What is the hundreds digit of 877?
8
What is the units digit of 395?
5
What is the hundreds digit of 7525?
5
What is the thousands digit of 107308?
7
What is the ten thousands digit of 28663?
2
What is the units digit of 4043?
3
What is the tens digit of 4782?
8
What is the hundreds digit of 31055?
0
What is the ten thousands digit of 11136?
1
What is the hundreds digit of 64113?
1
What is the tens digit of 2342?
4
What is the thousands digit of 11110?
1
What is the hundreds digit of 6477?
4
What is the tens digit of 11832?
3
What is the thousands digit of 5239?
5
What is the hundreds digit of 984?
9
What is the hundreds digit of 228?
2
What is the hundreds digit of 43471?
4
What is the ten thousands digit of 12499?
1
What is the tens digit of 10749?
4
What is the thousands digit of 44746?
4
What is the thousands digit of 23205?
3
What is the hundreds digit of 1014?
0
What is the thousands digit of 1142?
1
What is the units digit of 87?
7
What is the ten thousands digit of 10463?
1
What is the hundreds digit of 10150?
1
What is the thousands digit of 2461?
2
What is the hundreds digit of 4131?
1
What is the units digit of 1458?
8
What is the thousands digit of 1744?
1
What is the thousands digit of 2544?
2
What is the thousands digit of 6930?
6
What is the hundreds digit of 7180?
1
What is the units digit of 9891?
1
What is the tens digit of 4806?
0
What is the thousands digit of 19036?
9
What is the units digit of 46109?
9
What is the units digit of 511?
1
What is the tens digit of 11013?
1
What is the thousands digit of 6024?
6
What is the tens digit of 5604?
0
What is the tens digit of 17?
1
What is the units digit of 541?
1
What is the units digit of 419?
9
What is the thousands digit of 26958?
6
What is the units digit of 2844?
4
What is the hundreds digit of 3404?
4
What is the hundreds digit of 28729?
7
What is the hundreds digit of 42059?
0
What is the thousands digit of 20729?
0
What is the thousands digit of 3452?
3
What is the thousands digit of 60310?
0
What is the ten thousands digit of 11627?
1
What is the units digit of 2159?
9
What is the hundreds digit of 3140?
1
What is the thousands digit of 3859?
3
What is the tens digit of 8067?
6
What is the thousands digit of 19505?
9
What is the units digit of 499?
9
What is the tens digit of 578?
7
What is the units digit of 54443?
3
What is the units digit of 39390?
0
What is the hund